{"id":26,"date":"2023-08-09T12:12:07","date_gmt":"2023-08-09T12:12:07","guid":{"rendered":"http:\/\/finaxio.local\/?page_id=26"},"modified":"2026-03-11T01:25:08","modified_gmt":"2026-03-11T01:25:08","slug":"services","status":"publish","type":"page","link":"https:\/\/gruporym.com\/index.php\/services\/","title":{"rendered":"Servicios"},"content":{"rendered":"\t\t<div data-elementor-type=\"wp-page\" data-elementor-id=\"26\" class=\"elementor elementor-26\">\n\t\t\t\t\t\t<section class=\"elementor-section elementor-top-section elementor-element elementor-element-6092a87 elementor-section-boxed elementor-section-height-default elementor-section-height-default\" data-id=\"6092a87\" data-element_type=\"section\" data-settings=\"{&quot;background_background&quot;:&quot;classic&quot;}\">\n\t\t\t\t\t\t<div class=\"elementor-container elementor-column-gap-default\">\n\t\t\t\t\t<div class=\"elementor-column elementor-col-100 elementor-top-column elementor-element elementor-element-f93b531\" data-id=\"f93b531\" data-element_type=\"column\">\n\t\t\t<div class=\"elementor-widget-wrap elementor-element-populated\">\n\t\t\t\t\t\t<div class=\"elementor-element elementor-element-9017b9b elementor-widget__width-initial elementor-widget elementor-widget-services-finaxio\" data-id=\"9017b9b\" data-element_type=\"widget\" data-widget_type=\"services-finaxio.default\">\n\t\t\t\t<div class=\"elementor-widget-container\">\n\t\t\t\t\t\r\n        \r\n                    <div class=\"services__area-item\">\r\n                <div class=\"services__area-item-icon\">\r\n                    <img decoding=\"async\" src=\"https:\/\/gruporym.com\/wp-content\/uploads\/2026\/03\/icono_calculadora.png\" alt=\"No alt text\" \/>                    <div class=\"services__area-item-icon-one\">\r\n                        <img decoding=\"async\" src=\"https:\/\/gruporym.com\/wp-content\/uploads\/2026\/03\/icono_calculadora_invertido-2.png\" alt=\"No alt text\" \/>                    <\/div>\r\n                <\/div>\r\n                <div class=\"services__area-item-content\">\r\n                    <h3><a href=\"https:\/\/gruporym.com\/index.php\/service\/servicios-contables\/\">Servicios              Contables<\/a><\/h3>\r\n                    <a class=\"simple-btn\" href=\"https:\/\/gruporym.com\/index.php\/service\/servicios-contables\/\">M\u00e1s informaci\u00f3n<i class=\"far fa-long-arrow-right\"><\/i><\/a>\r\n                <\/div>\r\n            <\/div>\r\n        \r\n        \t\t\t\t<\/div>\n\t\t\t\t<\/div>\n\t\t\t\t<div class=\"elementor-element elementor-element-33c7f64 elementor-widget__width-initial elementor-widget elementor-widget-services-finaxio\" data-id=\"33c7f64\" data-element_type=\"widget\" data-widget_type=\"services-finaxio.default\">\n\t\t\t\t<div class=\"elementor-widget-container\">\n\t\t\t\t\t\r\n        \r\n                    <div class=\"services__area-item\">\r\n                <div class=\"services__area-item-icon\">\r\n                    <img decoding=\"async\" src=\"https:\/\/gruporym.com\/wp-content\/uploads\/2026\/03\/reclutamiento.png\" alt=\"No alt text\" \/>                    <div class=\"services__area-item-icon-one\">\r\n                        <img decoding=\"async\" src=\"https:\/\/gruporym.com\/wp-content\/uploads\/2026\/03\/reclutamiento_invertido.png\" alt=\"No alt text\" \/>                    <\/div>\r\n                <\/div>\r\n                <div class=\"services__area-item-content\">\r\n                    <h3><a href=\"https:\/\/gruporym.com\/index.php\/service\/reclutamiento-y-seleccion\/\">Reclutamiento y Selecci\u00f3n<\/a><\/h3>\r\n                    <a class=\"simple-btn\" href=\"https:\/\/gruporym.com\/index.php\/service\/reclutamiento-y-seleccion\/\">M\u00e1s informaci\u00f3n<i class=\"far fa-long-arrow-right\"><\/i><\/a>\r\n                <\/div>\r\n            <\/div>\r\n        \r\n        \t\t\t\t<\/div>\n\t\t\t\t<\/div>\n\t\t\t\t<div class=\"elementor-element elementor-element-dff83d0 elementor-widget__width-initial elementor-widget elementor-widget-services-finaxio\" data-id=\"dff83d0\" data-element_type=\"widget\" data-widget_type=\"services-finaxio.default\">\n\t\t\t\t<div class=\"elementor-widget-container\">\n\t\t\t\t\t\r\n        \r\n                    <div class=\"services__area-item\">\r\n                <div class=\"services__area-item-icon\">\r\n                    <img decoding=\"async\" src=\"https:\/\/finaxio.nextwpcook.com\/wp-content\/uploads\/2023\/08\/service-22.png\" alt=\"No alt text\" \/>                    <div class=\"services__area-item-icon-one\">\r\n                        <img decoding=\"async\" src=\"https:\/\/finaxio.nextwpcook.com\/wp-content\/uploads\/2023\/08\/services-22.png\" alt=\"No alt text\" \/>                    <\/div>\r\n                <\/div>\r\n                <div class=\"services__area-item-content\">\r\n                    <h3><a href=\"https:\/\/gruporym.com\/index.php\/service\/adminsitracion-de-personal\/\">Administraci\u00f3n de Personal<\/a><\/h3>\r\n                    <a class=\"simple-btn\" href=\"https:\/\/gruporym.com\/index.php\/service\/adminsitracion-de-personal\/\">M\u00e1s informaci\u00f3n<i class=\"far fa-long-arrow-right\"><\/i><\/a>\r\n                <\/div>\r\n            <\/div>\r\n        \r\n        \t\t\t\t<\/div>\n\t\t\t\t<\/div>\n\t\t\t\t<div class=\"elementor-element elementor-element-099e654 elementor-widget__width-initial elementor-widget elementor-widget-services-finaxio\" data-id=\"099e654\" data-element_type=\"widget\" data-widget_type=\"services-finaxio.default\">\n\t\t\t\t<div class=\"elementor-widget-container\">\n\t\t\t\t\t\r\n        \r\n                    <div class=\"services__area-item\">\r\n                <div class=\"services__area-item-icon\">\r\n                    <img decoding=\"async\" src=\"https:\/\/gruporym.com\/wp-content\/uploads\/2026\/03\/limpieza.png\" alt=\"No alt text\" \/>                    <div class=\"services__area-item-icon-one\">\r\n                        <img decoding=\"async\" src=\"https:\/\/gruporym.com\/wp-content\/uploads\/2026\/03\/limpieza_invertido.png\" alt=\"No alt text\" \/>                    <\/div>\r\n                <\/div>\r\n                <div class=\"services__area-item-content\">\r\n                    <h3><a href=\"https:\/\/gruporym.com\/index.php\/service\/servicios-especializado-de-limpieza\/\">Servicios Especializados de Limpieza<\/a><\/h3>\r\n                    <a class=\"simple-btn\" href=\"https:\/\/gruporym.com\/index.php\/service\/servicios-especializado-de-limpieza\/\">M\u00e1s informaci\u00f3n<i class=\"far fa-long-arrow-right\"><\/i><\/a>\r\n                <\/div>\r\n            <\/div>\r\n        \r\n        \t\t\t\t<\/div>\n\t\t\t\t<\/div>\n\t\t\t\t<div class=\"elementor-element elementor-element-4839b62 elementor-widget__width-initial elementor-widget elementor-widget-services-finaxio\" data-id=\"4839b62\" data-element_type=\"widget\" data-widget_type=\"services-finaxio.default\">\n\t\t\t\t<div class=\"elementor-widget-container\">\n\t\t\t\t\t\r\n        \r\n                    <div class=\"services__area-item\">\r\n                <div class=\"services__area-item-icon\">\r\n                    <img decoding=\"async\" src=\"https:\/\/finaxio.nextwpcook.com\/wp-content\/uploads\/2023\/08\/services-6.png\" alt=\"No alt text\" \/>                    <div class=\"services__area-item-icon-one\">\r\n                        <img decoding=\"async\" src=\"https:\/\/finaxio.nextwpcook.com\/wp-content\/uploads\/2023\/08\/service-6.png\" alt=\"No alt text\" \/>                    <\/div>\r\n                <\/div>\r\n                <div class=\"services__area-item-content\">\r\n                    <h3><a href=\"https:\/\/gruporym.com\/index.php\/service\/red-medica-ocupacional\/\">Red M\u00e9dica Ocupacional<\/a><\/h3>\r\n                    <a class=\"simple-btn\" href=\"https:\/\/gruporym.com\/index.php\/service\/red-medica-ocupacional\/\">M\u00e1s informaci\u00f3n<i class=\"far fa-long-arrow-right\"><\/i><\/a>\r\n                <\/div>\r\n            <\/div>\r\n        \r\n        \t\t\t\t<\/div>\n\t\t\t\t<\/div>\n\t\t\t\t\t<\/div>\n\t\t<\/div>\n\t\t\t\t\t<\/div>\n\t\t<\/section>\n\t\t\t\t<section class=\"elementor-section elementor-top-section elementor-element elementor-element-37e3113 elementor-section-boxed elementor-section-height-default elementor-section-height-default\" data-id=\"37e3113\" data-element_type=\"section\">\n\t\t\t\t\t\t<div class=\"elementor-container elementor-column-gap-default\">\n\t\t\t\t\t<div class=\"elementor-column elementor-col-50 elementor-top-column elementor-element elementor-element-f4eceda\" data-id=\"f4eceda\" data-element_type=\"column\">\n\t\t\t<div class=\"elementor-widget-wrap elementor-element-populated\">\n\t\t\t\t\t\t<div class=\"elementor-element elementor-element-318d2be elementor-widget elementor-widget-heading\" data-id=\"318d2be\" data-element_type=\"widget\" data-widget_type=\"heading.default\">\n\t\t\t\t\t<span class=\"elementor-heading-title elementor-size-default\">Nuestros Clientes opinan\n<\/span>\t\t\t\t<\/div>\n\t\t\t\t<div class=\"elementor-element elementor-element-03c2938 elementor-widget elementor-widget-heading\" data-id=\"03c2938\" data-element_type=\"widget\" data-widget_type=\"heading.default\">\n\t\t\t\t\t<h2 class=\"elementor-heading-title elementor-size-default\"><b data-path-to-node=\"25,0\" data-index-in-node=\"109\">Veronica Villagomez<\/b>, Hanon Systems<\/h2>\t\t\t\t<\/div>\n\t\t\t\t<div class=\"elementor-element elementor-element-08bae6b elementor-widget__width-initial elementor-widget elementor-widget-heading\" data-id=\"08bae6b\" data-element_type=\"widget\" data-widget_type=\"heading.default\">\n\t\t\t\t\t<p class=\"elementor-heading-title elementor-size-default\">La experiencia con este equipo ha sido excelente... son muy profesionales, comprometidos y confiables<\/p>\t\t\t\t<\/div>\n\t\t\t\t<div class=\"elementor-element elementor-element-de4980d elementor-widget__width-initial elementor-widget elementor-widget-skill_bar_finaxio\" data-id=\"de4980d\" data-element_type=\"widget\" data-widget_type=\"skill_bar_finaxio.default\">\n\t\t\t\t<div class=\"elementor-widget-container\">\n\t\t\t\t\t                            <div class=\"skill__area-item\">\r\n                    <div class=\"skill__area-item-content\">\r\n                        <h6>Satisfacci\u00f3n en el servicio<\/h6>\r\n                        <span class=\"skill__area-item-count\"><span class=\"counter\">100<\/span>%<\/span>\r\n                    <\/div>\r\n                    <div class=\"skill__area-item-inner\">\r\n                        <div class=\"skill__area-item-bar\" data-width=\"100\"><\/div>\r\n                    <\/div>\r\n                <\/div>\r\n                            <div class=\"skill__area-item\">\r\n                    <div class=\"skill__area-item-content\">\r\n                        <h6>Profesionalismo<\/h6>\r\n                        <span class=\"skill__area-item-count\"><span class=\"counter\">100<\/span>%<\/span>\r\n                    <\/div>\r\n                    <div class=\"skill__area-item-inner\">\r\n                        <div class=\"skill__area-item-bar\" data-width=\"100\"><\/div>\r\n                    <\/div>\r\n                <\/div>\r\n                    \t\t\t\t<\/div>\n\t\t\t\t<\/div>\n\t\t\t\t\t<\/div>\n\t\t<\/div>\n\t\t\t\t<div class=\"elementor-column elementor-col-50 elementor-top-column elementor-element elementor-element-79465dc\" data-id=\"79465dc\" data-element_type=\"column\" data-settings=\"{&quot;background_background&quot;:&quot;classic&quot;}\">\n\t\t\t<div class=\"elementor-widget-wrap elementor-element-populated\">\n\t\t\t\t\t\t<div class=\"elementor-element elementor-element-795873e elementor-widget__width-initial elementor-hidden-desktop elementor-hidden-tablet elementor-hidden-mobile elementor-widget elementor-widget-video-icon-finaxio\" data-id=\"795873e\" data-element_type=\"widget\" data-widget_type=\"video-icon-finaxio.default\">\n\t\t\t\t<div class=\"elementor-widget-container\">\n\t\t\t\t\t        <div class=\"video-icon-aligment\">\r\n            <div class=\"team__area-video-icon video-pulse finaxio-video-icon\">\r\n                <a class=\"video-popup\" href=\"http:\/\/google.com\"><i\r\n                        class=\"fa fa-play\"><\/i><\/a>\r\n            <\/div>\r\n        <\/div>\r\n\r\n\r\n\r\n        \t\t\t\t<\/div>\n\t\t\t\t<\/div>\n\t\t\t\t\t<\/div>\n\t\t<\/div>\n\t\t\t\t\t<\/div>\n\t\t<\/section>\n\t\t\t\t<\/div>\n\t\t","protected":false},"excerpt":{"rendered":"<p>Servicios Contables M\u00e1s informaci\u00f3n Reclutamiento y Selecci\u00f3n M\u00e1s informaci\u00f3n Administraci\u00f3n de Personal M\u00e1s informaci\u00f3n Servicios Especializados de Limpieza M\u00e1s informaci\u00f3n Red M\u00e9dica Ocupacional M\u00e1s informaci\u00f3n Nuestros Clientes opinan Veronica Villagomez, Hanon Systems La experiencia con este equipo ha sido excelente&#8230; son muy profesionales, comprometidos y confiables Satisfacci\u00f3n en el servicio 100% Profesionalismo 100%<\/p>\n","protected":false},"author":2,"featured_media":0,"parent":0,"menu_order":0,"comment_status":"closed","ping_status":"closed","template":"page-builder.php","meta":{"footnotes":""},"class_list":["post-26","page","type-page","status-publish","hentry"],"_links":{"self":[{"href":"https:\/\/gruporym.com\/index.php\/wp-json\/wp\/v2\/pages\/26","targetHints":{"allow":["GET"]}}],"collection":[{"href":"https:\/\/gruporym.com\/index.php\/wp-json\/wp\/v2\/pages"}],"about":[{"href":"https:\/\/gruporym.com\/index.php\/wp-json\/wp\/v2\/types\/page"}],"author":[{"embeddable":true,"href":"https:\/\/gruporym.com\/index.php\/wp-json\/wp\/v2\/users\/2"}],"replies":[{"embeddable":true,"href":"https:\/\/gruporym.com\/index.php\/wp-json\/wp\/v2\/comments?post=26"}],"version-history":[{"count":35,"href":"https:\/\/gruporym.com\/index.php\/wp-json\/wp\/v2\/pages\/26\/revisions"}],"predecessor-version":[{"id":2218,"href":"https:\/\/gruporym.com\/index.php\/wp-json\/wp\/v2\/pages\/26\/revisions\/2218"}],"wp:attachment":[{"href":"https:\/\/gruporym.com\/index.php\/wp-json\/wp\/v2\/media?parent=26"}],"curies":[{"name":"wp","href":"https:\/\/api.w.org\/{rel}","templated":true}]}}